(h) is divided by 3?
1
Let t(y) = y**2 + 8*y - 11. What is the remainder when t(-12) is divided by 13?
11
Suppose 0*d - 3*d + c + 75 = 0, 0 = -5*d - 4*c + 125. Let f(v) = 2*v**2 - 7*v + 5. What is the remainder when d is divided by f(4)?
7
Let o(n) = -9*n**2 + n. Let c be o(1). Let z = 14 + c. Suppose -5*w + 7*w = z. What is the remainder when 9 is divided by w?
0
Let z(t) = -t**2 - 5*t + 7. Let i be (-9)/(-2) - (-5)/(-10). Suppose 3*n - 50 = 5*h, -h = i*n - 0*h - 82. Calculate the remainder when n is divided by z(-5).
6
Let y be (-8)/6*6/(-4). Let g(f) = -f**2 + 12. What is the remainder when g(0) is divided by y*((-11)/(-2) + -2)?
5
Let u = -13 + 10. Let t = 4 - -6. What is the remainder when (32 + u)/((-2)/(-2)) is divided by t?
9
Let v(m) = -m**2 - 4*m + 2. Let i be v(-4). Suppose -3*r - 3*b = -i + 8, 0 = -4*b. What is the remainder when r + (-1)/(2/(-158)) is divided by 20?
17
Suppose 0*l = -12*l + 72. Calculate the remainder when 23 is divided by l.
5
Let h = 12 + -1. Calculate the remainder when 43 is divided by h.
10
Let w(p) = 2*p**2 + p - 4. Calculate the remainder when 31 is divided by w(3).
14
Let p(f) = -f**3 + 6*f**2 - f - 11. What is the remainder when 21 is divided by p(5)?
3
Let l = 44 + -22. Suppose x + 2*g - 5 = 13, 4*g - l = -x. Let z(t) = 4*t + 1. Calculate the remainder when x is divided by z(1).
4
Suppose -l + 4*k + 4 = 0, -5*k = -4*l - l + 35. Calculate the remainder when 14 is divided by l.
6
Calculate the remainder when 145 is divided by (13 - 1)*21/12.
19
Suppose 44 + 5 = 3*s - 4*a, -s + 7 = a. What is the remainder when 24 + 9 - (-4)/(-2) - 0 is divided by s?
9
Suppose -23*f = -27*f + 64. What is the remainder when 20 is divided by f?
4
Let o = 22 + -12. What is the remainder when o is divided by 4?
2
Let w(s) = s**2 - s + 74. Let d be w(0). Let y = d + -35. Calculate the remainder when y is divided by 20.
19
Let m be 5 + (1 + 0)*-2. Let f = -3 + m. Calculate the remainder when 18 is divided by f + -3 + 2 + 8.
4
Let s = 109 - 56. Calculate the remainder when s is divided by 11.
9
Suppose 0 = -2*s + 206 - 12. What is the remainder when s is divided by 49?
48
Let c(j) = -j**2 - 8*j - 9. Let g be c(-6). What is the remainder when ((-62)/6)/(1/(-3)) is divided by 35/g + (-8)/12?
9
Let s = -3 + 5. Suppose -8*n + 6*n = 0. Suppose n = l + 2 - 4. What is the remainder when s is divided by l?
0
Suppose 0*h - 2*h = -3*r - 145, 4*h + 3*r - 335 = 0. Calculate the remainder when h is divided by 23.
11
Let r = -21 + 27. Suppose r*s - 45 = 9. Calculate the remainder when 34 is divided by s.
7
Suppose 14*a = 13*a + 33. Calculate the remainder when 130 is divided by a.
31
Let q(y) = -y**3 - 3*y**2 - 3*y. Calculate the remainder when 35 is divided by q(-3).
8
Let d = -7 - -15. What is the remainder when 8*((-30)/d)/(-3) is divided by (-240)/(-39) - (-4)/(-26)?
4
Let r(k) = 7 - 6 + k + 0*k**2 + 28*k**2. What is the remainder when r(-1) is divided by 15?
13
Let w = 101 - 48. Suppose -2*s + 5*d = s - 119, -s - 5*d = -w. What is the remainder when s is divided by 15?
13
Suppose -2*o - 240 = -7*o. Calculate the remainder when o is divided by 13.
9
Let s(a) = 3*a + 69. Calculate the remainder when s(0) is divided by 36.
33
Suppose 0*f - 2*h = 4*f, 0 = -5*f + 4*h + 13. Suppose -2*s + 3*x = -x + 8, 13 = 2*s + 3*x. Let n = s + -1. What is the remainder when f is divided by n?
0
Suppose 4*f + 2*j = 138, -4*j - 4 = -f + 17. What is the remainder when f is divided by 18?
15
Suppose -241 = -6*y + 299. Calculate the remainder when y is divided by 47.
43
Calculate the remainder when 21 is divided by -5 + (-250)/(-15) - (-4)/(-6).
10
Suppose 6*w + 25 - 157 = 0. What is the remainder when w is divided by 6?
4
Let g = 2 - 3. Let t = 0 - g. Suppose 0 = 2*h + t - 11. Calculate the remainder when 14 is divided by h.
4
Let g = 26 + -10. Calculate the remainder when (1/3)/(1/183) is divided by g.
13
Let m(t) = t**3 - 7*t**2 + 8*t - 6. Let s be m(6). Let k = s - -4. Let q(a) = 4*a - 2. Calculate the remainder when q(5) is divided by k.
8
Let s(k) = -8*k + 14. Let z be -2 + -2 + 10 - 2. Calculate the remainder when s(-4) is divided by z/((-14)/8 - -2).
14
Suppose 7*s = 8*s - 8. Calculate the remainder when 30 is divided by s.
6
Suppose 2*f + 59 = j, -4*j - f = -6*f - 224. What is the remainder when 201 is divided by j?
48
Let s = -1714 - -1084. Calculate the remainder when (s/8)/(-3)*4 is divided by 27.
24
Let c(r) = -5*r + 1. Let h(z) = -z**3 - 5*z**2 - 2*z + 6. What is the remainder when h(-5) is divided by c(-1)?
4
Suppose -5*i = -2*v - 0*v - 7, 5*v + 10 = 5*i. Calculate the remainder when 4 is divided by i.
0
Suppose -3*b - p + 5*p - 128 = 0, -p = -b - 41. What is the remainder when 2/9 - 208/b is divided by 3?
0
Let w be (2/4)/((-2)/(-212)). Let r = -30 + w. Calculate the remainder when r is divided by (-39)/(-5) + 1/5.
7
Calculate the remainder when 90 is divided by (-12)/(-3) + 4 + 16.
18
Let n(y) = -y**3 - 8*y**2 - 9*y - 4. Let r be (2 + -3 + 2)*2. Suppose 2*z - i - 41 = 0, 4 = r*i + 10. Calculate the remainder when z is divided by n(-7).
9
What is the remainder when ((-860)/8)/(-5)*2 is divided by 15?
13
Let n(h) = h**3 - 5*h**2 - 2*h + 6. Suppose 3*b + 106 = 5*r, 4*r - 3*b = 3*r + 14. What is the remainder when n(7) is divided by r?
21
Suppose -4*z = -z + 3. Let p = 0 + z. What is the remainder when (-1 - -2)/(p/(-2)) is divided by 1?
0
Let n be 10/15 - 10/(-3). Suppose 2*w = -0 + n. Let y = 4 - 3. Calculate the remainder when w is divided by y.
0
Let n(o) = 96*o**2 - o - 1. Let u be n(-1). Suppose u = 2*c + 14. Let i(f) = 2*f**2 + 5*f + 9. What is the remainder when c is divided by i(-4)?
20
Let c = 171 - 117. What is the remainder when c is divided by 16?
6
Suppose x - 5*d = 27, -3*d - 16 + 4 = 0. Suppose -90 = 2*v - 7*v. Calculate the remainder when v is divided by x.
4
Suppose -2*t + t = 0. Suppose -5*z - 3*l + 129 = t, 5*z - z - l - 110 = 0. What is the remainder when 107 is divided by z?
26
Calculate the remainder when (9 + -10)/(1/(-13)) is divided by 4.
1
Suppose 2*k + 38 = 4*u, 4*k - 3*u + 70 = 2*u. Let a = k + 29. Let o = -10 + a. What is the remainder when o is divided by 2?
0
Suppose -190 = 12*b - 17*b. Let f = 21 + -11. What is the remainder when b is divided by f?
8
Suppose 6*t = -t + 553. Calculate the remainder when t is divided by 12.
7
Suppose -3*m - 2*m + 25 = 0. Suppose 4*z = m*c + 74, 4*z = c - 3*c + 60. Calculate the remainder when z is divided by 9.
7
Suppose 61 + 61 = 2*m. Let d(u) = u**3 + 8*u**2 + 5*u + 2. Calculate the remainder when m is divided by d(-7).
13
Suppose -5*s = -10 - 5. What is the remainder when (128/(-96))/((-4)/18) is divided by s?
0
What is the remainder when (3 - (-21)/(-3)) + 17 is divided by 6?
1
Let r = 8 + -5. Suppose -3*j = -g - 1, -2*j + 2*g = r*j. Calculate the remainder when j is divided by 12/(-4) + (1 - -3).
0
Let f = 27 - -29. Calculate the remainder when f is divided by 10.
6
Let c = -20 - -29. What is the remainder when 57 is divided by 2*c + 6 + -9?
12
Suppose -5*q + 8*q - 54 = 0. Suppose 3*s = -2*s - o + 40, -o = -5. Calculate the remainder when q is divided by s.
4
Let b(a) = a**2 + 3*a + 4. Suppose 34 = -5*o + 4. Calculate the remainder when b(o) is divided by (-188)/(-24) + (-1)/(-6).
6
Let s(g) = 2*g**2 - 4*g - 2. Let l be s(4). Suppose -4*h + l - 2 = 0. Let p = 21 + -13. What is the remainder when p is divided by h?
2
Suppose 8 = 2*j - k, 2*j - 5*j = 3*k - 12. Suppose 2*b - 1 = b - 2*n, -3*b = -3*n - 39. Calculate the remainder when b is divided by j.
1
Let k(r) = -64*r**3 + r + 1. Calculate the remainder when k(-1) is divided by 17.
13
Suppose -2*t = -0*t. Let u(o) = 21 - 4*o + o + 0*o + 2*o. What is the remainder when u(t) is divided by 11?
10
Suppose -2*z = -7*z - 5. Let u(j) = -16*j**3 - j**2 + j + 1. Let i(m) = m + 15. What is the remainder when i(14) is divided by u(z)?
14
Suppose 73 = 7*j - 6*j. What is the remainder when j is divided by 25?
23
Let l be (1 - 2) + (-18)/(-3). Suppose 3*d + 0*d + 4*v - l = 0, -5*v + 7 = 4*d. Suppose 0*g = d*g - 33. What is the remainder when g is divided by 6?
5
Let d = -129 - -182. Let w(x) = -x**3 - 2*x**2 + 3*x + 4. Let i be w(3). Let q = -14 - i. What is the remainder when d is divided by q?
17
Suppose 0*g = -g + 15. Calculate the remain